) = 4*j(v) + 3*r(v). Let m be l(-7). Let n = -37 - m. What are the prime factors of n?
31
Let k = 980 - -76. What are the prime factors of k?
2, 3, 11
List the prime factors of 1924 - ((-66)/(-16) + 7/(-56)).
2, 3, 5
Let c be ((-1614)/24)/(1/(-44)). Suppose p = 5*j - 4968, 5*j + 3*p - 2017 - c = 0. What are the prime factors of (-2)/7 - j/(-49)?
2, 5
Suppose 3*w + 50 = -4*l, 3*w + 19 + 6 = l. Let o = w + 12. Suppose -o*p - 36 = -4*p. List the prime factors of p.
2, 3
Suppose 0 = -2*a + 5*b + 2, -a + 6*b = 2*b - 4. Let f(v) = -3*v - 7. Let u be f(3). Let c = a - u. List the prime factors of c.
2, 3
Let p be (2 - -2) + 972/9. Suppose 5*x - 7*x = -p. What are the prime factors of x?
2, 7
Let s(b) = 9*b**2 + 3*b + 29. List the prime factors of s(-10).
29, 31
Let m = 1996 - 1310. What are the prime factors of m?
2, 7
Let z = 62 - 59. What are the prime factors of z/6*(31*6 + 0)?
3, 31
Suppose -2*g + 4*f - 13239 = -7*g, 0 = 5*f - 5. List the prime factors of g.
2647
Let i = 11 - -12. Let w = i - 20. List the prime factors of (-472)/(-12) - 1/w.
3, 13
Suppose 2*t + 2 = 0, t - 137 = -4*g + 2*g. Let u = 18 + 22. Let f = g - u. List the prime factors of f.
29
Suppose 71*o = 63*o + 640. List the prime factors of o.
2, 5
Suppose c - 11 = 5. Suppose -z + 22 = -c. List the prime factors of z.
2, 19
Suppose 0 = -3*a + 9, 2*d = 5*a - 2*a + 5. Suppose d*m + 88 = 291. List the prime factors of m.
29
Suppose 0 = -t - 2 + 6. Suppose -4*j - 4 = -3*i, 3 = t*j - 7*j + 3*i. List the prime factors of j*7*(0 - 1).
7
Suppose 1638 + 9186 = 11*x. What are the prime factors of x?
2, 3, 41
Suppose 27*m = 25*m + 8. Suppose f - 3*r = 54 - 4, m*f - 136 = -4*r. What are the prime factors of f?
2, 19
Let i = -15 + 27. List the prime factors of 132*2 - (i - 11).
263
Suppose -3*q = 9, -5*q = -4*v + 2698 + 301. What are the prime factors of v?
2, 373
Suppose 6*c - 38 + 14 = 0. Suppose 6*f = c*f. Suppose t + t - 108 = f. List the prime factors of t.
2, 3
Let i = -3118 + 4868. List the prime factors of i.
2, 5, 7
Let m = 884 + -642. What are the prime factors of m?
2, 11
Suppose t = -2*t - 2*t. Suppose 3*a - 15 = t, -4*d - 2*a + 716 = 2*a. What are the prime factors of d?
2, 3, 29
Let m(f) = 13*f + 165. List the prime factors of m(29).
2, 271
Suppose 2*q - 927 = q. What are the prime factors of q?
3, 103
Let d be (-14)/4*(-24)/42. Suppose -4*x = 3*t - 64, d*t - 52 = -0*t + 2*x. Suppose -4 = -r + t. List the prime factors of r.
2, 7
Let s(f) = -6*f**2 - 3*f - 16*f + 52 + f**3 - 15*f**2. List the prime factors of s(22).
2, 59
Let t = 16 + -3. Suppose 0 = -8*f + t*f. List the prime factors of f - 1 - (11 + -79).
67
Let t = 33 - 39. Let r = -2 - t. Suppose r*g - 66 = 3*g. What are the prime factors of g?
2, 3, 11
Let c = -53 - -55. Suppose c*t - 46 + 38 = 0. List the prime factors of t.
2
Suppose -q = 4*v - 452 - 826, -q = -4*v - 1310. List the prime factors of q.
2, 647
Let f(u) be the third derivative of u**5/15 + 3*u**4/4 + 4*u**3/3 + 8*u**2. What are the prime factors of f(-7)?
2, 3, 13
Let o(w) be the first derivative of -5 - 3/2*w**2 - 9*w. List the prime factors of o(-12).
3
Let a be 10/8*48/4. Suppose 5*c = -a + 40. Suppose 3*u = -5*d + 61, 5*u + 0*u = c*d - 85. What are the prime factors of d?
2, 7
Let u(i) = 2*i + 142. What are the prime factors of u(-13)?
2, 29
Let l be 36/(((-63)/(-30))/(-7)). Let c = -50 - l. What are the prime factors of c?
2, 5, 7
Let p = 218 - 114. List the prime factors of p.
2, 13
Let d be (-240)/32*36/(-5). Let w be 12/d + (-4152)/(-27). Let x = -90 + w. List the prime factors of x.
2
Let g(a) = -72*a - 53. What are the prime factors of g(-9)?
5, 7, 17
Suppose -1050 = -5*r + 160. Suppose r = 3*b - 145. Suppose 4*o + b = 3*u, -3*u - 4*o + 150 = -o. What are the prime factors of u?
47
Suppose 0 = 5*o - 9*o. Let a be o + (2 - -3) - 1. Suppose 2*n + a*h - 154 = 0, -3*n + 5*h + 231 = 4*h. What are the prime factors of n?
7, 11
Let o = -256 - -805. What are the prime factors of o?
3, 61
Let b = -20 - -32. Let j(x) = 11*x - 29. What are the prime factors of j(b)?
103
Let g = 18 - 9. Let f(r) = -g*r + 2*r + 2*r - r**2 + 2. List the prime factors of f(-5).
2
Suppose 11*l = 13*l - 8. Suppose s - 508 = -3*s - 2*w, -l*s + 506 = 3*w. List the prime factors of s.
2
Let l(s) = 11*s**2 + 2*s - 2. Let h(w) = 21*w**2 + 5*w - 3. Let z(q) = -4*h(q) + 9*l(q). What are the prime factors of z(3)?
3, 41
Let x(r) = r. Let s(f) = -5*f + 11. Let h(i) = -s(i) - 4*x(i). Let q be h(13). Suppose 0 = 5*p - g - 104, -q*g - 4 = 4. List the prime factors of p.
2, 5
Let s(c) = c**3 - 37*c**2 + 47*c + 32. What are the prime factors of s(36)?
2, 107
Let a = -188 - -305. List the prime factors of a.
3, 13
Let d(a) = 6*a**2 + 17*a - 4. List the prime factors of d(-8).
2, 61
Let i(y) = -y**2 + 18*y - 4. List the prime factors of i(12).
2, 17
Let l(z) = z**2 + 15*z + 176. List the prime factors of l(0).
2, 11
Let w(f) be the second derivative of f**4/12 - 2*f**3/3 + 5*f**2/2 + f. Let o be w(4). Suppose -5*l - 5 = -o*a, -2*a + 15 = 3*a. List the prime factors of l.
2
Suppose -470 = -2*p + 500. What are the prime factors of p?
5, 97
Suppose k - 14 - 22 = 0. Suppose -2*a = -3*w - 1, 8*w - 13*w + 4*a - 5 = 0. Suppose 4*y + k = w*l + y, 5*l - y - 64 = 0. List the prime factors of l.
13
Suppose 21*j - 17903 = 10027. List the prime factors of j.
2, 5, 7, 19
Let q(k) = 1. Let o(x) = 6*x - 1. Let h(v) = o(v) - 5*q(v). List the prime factors of h(3).
2, 3
Suppose -7 = 5*z + 18. Let o be (-89)/(-5) - (-4)/z. Let v = o + 11. List the prime factors of v.
2, 7
Let w(n) = 332*n - 75. List the prime factors of w(6).
3, 71
Let p be -90*(-1 - 2296/(-12)). What are the prime factors of p/(-120) - (5/(-4) + 1)?
11, 13
Let y(v) = v**2 - 7*v - 9. Let l be y(8). Let j be 39/(l*(-15)/170). What are the prime factors of (j/(-51))/((-2)/3)?
13
Suppose -9*b - 18 = -63. Suppose b*l - 4*a + 90 = 0, 3*l + 51 = -l - a. Let n(o) = o**3 + 13*o**2 - 16*o + 19. List the prime factors of n(l).
47
Let m = -256 - -436. What are the prime factors of m?
2, 3, 5
Let i be ((-116)/8)/(1/(-10)). Suppose -i = -5*g + 5. What are the prime factors of g?
2, 3, 5
Suppose 0*c - 2*c + 2982 = 4*l, 5*c + 2243 = 3*l. What are the prime factors of l?
2, 373
Let s be (5/3)/5*12. Suppose -4*b + 20 = 0, 3*d - s*b = d - 22. Let m(y) = 24*y**2 - y. List the prime factors of m(d).
5
Let n(b) = -46*b - 77. List the prime factors of n(-4).
107
Let t be 21/4 + (-11)/44. Suppose -t*j = v + 81, v - 26 = 4*j - 62. Let y = -23 - v. List the prime factors of y.
3, 11
Suppose -4*b + 7920 = 8*b. What are the prime factors of b?
2, 3, 5, 11
Let z be (-2 - (-2 - 1))*6. Let g = 8 - z. Suppose -2*y - 2*y + 28 = 3*p, -2*y + g*p = 0. What are the prime factors of y?
2
Let q = -37 + 36. Let x = q - -34. What are the prime factors of x?
3, 11
Suppose -6*c + 9*c = 117. Let x be (3 - 5) + c/1. Let j = x + 2. List the prime factors of j.
3, 13
Suppose 4*r = -5*l + 14547, 0 = 4*l + 25*r - 22*r - 11637. List the prime factors of l.
3, 17, 19
Let a(y) = 2*y**3 + 4*y**2 + 3*y + 9. Let j be a(4). Suppose -328 = -3*o - v, 2*v - j = -2*o + 7*v. What are the prime factors of o?
109
Let y(l) = -l**3 - 6*l**2 + 10*l - 10. Let v(j) = 3*j**2 - j - 4. Let t be v(3). Let c be (-148)/18 + t/90. What are the prime factors of y(c)?
2, 19
List the prime factors of -3 + 174 + (-3 - -5)/1.
173
What are the prime factors of (631/2)/((-68)/(-680))?
5, 631
Let i(u) = -u**2 + 3*u + 8. Let k be i(4). Suppose 2 = l, -l - k + 18 = -2*t. List the prime factors of (-1)/2*t - -12.
3, 5
Let o(a) = 6*a**2 + 48*a + 14. List the prime factors of o(-12).
2, 151
Suppose 3*w - 17 + 2 = 0. Suppose 0 = -j - 2*j - 5*i + 26, w*j - 3*i + 2 = 0. Suppose -5*z + 4 = -s + 62, -4*s + j*z + 196 = 0. List the prime factors of s.
2, 3
Let u(n) = 6*n**3 - 30*n**2 - 28*n + 31. List the prime factors of u(10).
3, 7, 131
Let r(b) = 53*b - 10. What are the prime factors of r(9)?
467
Suppose -2*g - 2*v - 145 - 23 = 0, 3*g + 242 = 2*v. Let b = g - -214. List the prime factors of b.
2, 3, 11
Let d = -3677 - -8814. What are the prime factors of d?
11, 467
Let w(v) = 20*v**2 - v - 4. Let n be (-7)/(210/(-12)) - 13/(-5). List the prime factors of w(n).
173
Let h(o) = -o + 12. Let f be h(7). Suppose -f*c + 7 = -13. Suppose 86 = 4